*y**2 - 53 + 268*y - 51 - y**3 - 551*y. List the prime factors of u(19).
2, 461
Let l = -7894 - -9086. What are the prime factors of l?
2, 149
Let s(v) be the third derivative of v**6/120 + v**5/20 - 5*v**4/24 - 17*v**2. Let m be s(-4). What are the prime factors of 242/m - 15/10?
59
Let h(p) = 2*p**2 - 93*p - 416. What are the prime factors of h(95)?
3, 7, 419
Let v(q) = 4*q**3 - 4*q - 3*q**3 - 3*q + 13 - 4*q**2 + 4*q. Let p be -1*(60/6)/(-5) - -3. What are the prime factors of v(p)?
23
Suppose -114*i + 713329 - 170470 = 63*i. List the prime factors of i.
3067
Let s = -63 - -65. Suppose -s*h + 237 = -v, 8*v - 5*h = 3*v - 1180. Let c = -153 - v. What are the prime factors of c?
2, 41
Let m(o) = -25*o**3 + o - 2. Let n be m(-3). Let z be -20*(-63)/(-672)*-8. Suppose -3*j + z = 0, -13*s + 8*s + j = -n. List the prime factors of s.
3, 5
Let t = 98710 - 60508. List the prime factors of t.
2, 3, 6367
Let k(f) = -39*f**3 + f**2 - f - 10. Let z(u) = u**3 - 16*u**2 + 12*u + 43. Let w be z(15). List the prime factors of k(w).
2, 7, 11
What are the prime factors of ((-4)/12 + (-166448)/(-6))/(6/4)?
2, 7, 1321
Suppose -6*v - 2*g = -5*v - 13, 0 = 5*v + g - 29. Let q = -1 - -2. List the prime factors of 1/(q - (210/44)/v).
2, 11
Let y be 1*-1 - (3 - 3 - -4). Let w(h) = -6*h + 0 + 4*h**2 + 3 + 7*h + 6*h. What are the prime factors of w(y)?
2, 17
Suppose 5*h = -3*b + h + 13, 4*h + 5 = 3*b. Suppose -2*f + 1199 = 3*j, -6*f - 1821 = -9*f + b*j. What are the prime factors of f?
2, 151
Let y(w) = -w**2 - 15*w - 37. Let p be y(-11). Suppose 2*x - 2*c = -p*c + 341, 0 = -x + 3*c + 143. What are the prime factors of x?
2, 79
What are the prime factors of (9/12)/(8/(-4273248)*-7)?
3, 6359
Let y(g) = -3*g + 43. Let q = -17 + 22. Suppose -3*p + 24 = -3*d - 48, -4*d - 105 = q*p. List the prime factors of y(d).
2, 59
Suppose -5*w - 5 = 0, -64*t = -65*t + 5*w + 20. List the prime factors of ((-3320)/(-15))/(5/t).
2, 83
Let x = -38027 + 81111. What are the prime factors of x?
2, 10771
Let l be 21 + 2/((-10)/(-15)). Suppose 3*j - j = l. List the prime factors of j/(-36) - 79/(-3).
2, 13
Let a be (-60)/18*((-5988)/10 - 0). Suppose 5*g - a + 191 = 0. What are the prime factors of g?
19
Let m be 2/5 - (-133400)/250. Suppose -5*g = 25, -5*g - m - 358 = -p. List the prime factors of p.
3, 17
Suppose 0 = 28*q - 27*q - 31. Let p(k) = q + 35 + 4*k - 3*k - 10*k + 3*k**2. What are the prime factors of p(9)?
2, 3, 19
Suppose 5*s - 3*f - 14941 = 41146, 0 = 4*s - f - 44871. List the prime factors of s.
2, 71, 79
Suppose 24*w - 31*w + 782340 = 44*w. What are the prime factors of w?
2, 5, 13, 59
Let q(n) = 403*n**2 - 342. List the prime factors of q(7).
5, 3881
Suppose -608*x + 589*x + 32319 = 0. What are the prime factors of x?
3, 7
Let w(g) = -218*g - 9. Let m be w(-2). Suppose 1309 = 3*k - 5*i, 2*k - 3*k - 3*i + m = 0. List the prime factors of k.
433
Let u be (2 - 18/(-12))*110. Let f = u + 3. What are the prime factors of f?
2, 97
Let z = 286 + -178. Suppose -8*g = -2*g - z. Suppose 0 = 14*l - g*l + 148. List the prime factors of l.
37
Let c(i) = 69*i**2 - 2*i - 1. Let j(m) = m + 1. Let p(w) = -27. Let a(t) = 2*j(t) - p(t). Let l be a(-15). List the prime factors of c(l).
2, 5, 7
Let c = 541 - 498. Let s(g) = 4*g**2 + 1. Let q be s(3). Let a = c - q. List the prime factors of a.
2, 3
Suppose 48*j - 835391 = 579217. What are the prime factors of j?
13, 2267
Suppose -4*n = -4 + 32. Let t = n + -46. What are the prime factors of t*((-117)/99 + 2/11)?
53
Let w = -7 - -9. Suppose -3*i + 5 = w*o - 21, -2*i = -2*o - 34. What are the prime factors of i/(-20)*-112 - (-1)/(-5)?
67
Let t = -67 + 39. What are the prime factors of ((-272)/(-56))/((-60)/t + -2)?
2, 17
Suppose 4*c = -4*b + 16, 2*b = -3*c - 3 + 16. Let w be 1*(-247)/(-5) - 2/c. Let y = w - 5. What are the prime factors of y?
2, 11
Suppose -9*j - 27*j + 32235 = -1425. List the prime factors of j.
5, 11, 17
Let t = -3020 + 4931. Suppose 2*h - t - 1811 = 0. Suppose 6*m - h = -271. List the prime factors of m.
5, 53
Suppose 3*n - 340 = 4*u, -2*u - 170 = 6*n - 2*n. Let f be 247/1 - -1*(-2 + 3). Let q = u + f. What are the prime factors of q?
163
Let u = 34 - -935. Let a = u + -526. What are the prime factors of a?
443
Suppose 86844 = 9*p - 239856. What are the prime factors of p?
2, 3, 5, 11
Let y be (-46 + 55)*(-2)/(-6). What are the prime factors of ((-18)/y)/36 - 14138/(-12)?
2, 19, 31
Let x(j) = j**3 - 7*j**2 - 2*j + 17. Let u = 33 - 26. Let h be x(u). Suppose 7 - h = t. What are the prime factors of t?
2
Let w(z) = 7*z**2 + 58*z + 407. What are the prime factors of w(-47)?
2, 31, 53
Let t be -6*1/2 - (-675 + -2). Let q = t - 557. What are the prime factors of q?
3, 13
Let w be 167/5 + (-18)/45. Let z = w - 3. List the prime factors of z.
2, 3, 5
What are the prime factors of -2 + 4/3*35178/44?
2, 7, 19
Let i(x) = -15 + 49 + 17 + 45*x. What are the prime factors of i(6)?
3, 107
Suppose -3*m = 3*w - 6570, -3*w + 4383 = 5*m - 3*m. List the prime factors of m.
3
Suppose -77*b = 29*b + 2855 + 3187. Suppose 4*o + 4*q + 40 = 0, -3*q - 16 = -2*o + 4*o. What are the prime factors of (b/(-6))/((-1)/o)?
7, 19
Let y = -3994 - -7981. What are the prime factors of y?
3, 443
Let d be (-2)/((64/(-132))/8). Suppose 37*u + 36 = d*u. What are the prime factors of (u/15)/((-3)/285)?
3, 19
Let v = 6 - 4. Suppose 0*i + d - 2820 = -3*i, v*d = -4*i + 3758. Suppose 201 = -10*u + i. What are the prime factors of u?
2, 37
Let s(v) = 11*v**2 + v - 1. Let a be s(-2). Suppose 175 = -3*q + 1. Let j = a - q. List the prime factors of j.
3, 11
Suppose -a + 491 + 8011 = 5*p, 5*p = 4*a + 8492. What are the prime factors of 14/7 - p/(-2)?
2, 3, 71
Suppose 0 = 5*l + 4*w - 278311, l - 3*w - 57074 = -1408. List the prime factors of l.
55663
Let k = -8364 - -9472. What are the prime factors of k?
2, 277
Let t be (1 - 13)*3474/36. What are the prime factors of 3 + 7/((-14)/t)?
2, 3, 97
Suppose 0 = 4*m - u - 22, -3*u - 10 = 2*u. Suppose 3*w = m*r - 727, -5*w + 262 = 5*r - 473. List the prime factors of r.
2, 73
Let s = 13105 + -12236. List the prime factors of s.
11, 79
Let y(l) = -4*l**2 - 336*l**3 + 8*l**2 + 12 + 337*l**3 + 6*l. Let a be y(-4). Let m(h) = -h**3 - 10*h**2 + 16*h + 17. List the prime factors of m(a).
113
Let j be (4/6)/((-77)/(-21) + -3). Let n(b) = 760*b + 27. List the prime factors of n(j).
787
Suppose 13*a - 18*a = 2*v - 18426, 12*a = -5*v + 46069. What are the prime factors of v?
7, 1319
Let l be (3 + (-10)/5)*-44. Let p be (-187)/l - (-2)/(-8). Suppose 4*u - 389 = -u - v, -p*u = 4*v - 324. What are the prime factors of u?
7, 11
Suppose 6 = -2*s + 20. Suppose 0 = s*f - 35. Suppose -x + 228 = f*z, -2*z - 242 = 14*x - 15*x. List the prime factors of x.
2, 7, 17
Let b(h) = -7*h + 170. Let v be b(22). Suppose -25*g = -v*g - 4797. What are the prime factors of g?
13, 41
Let i(a) = 12*a**2 - 6*a + 5. Let z be i(4). Let d = -64 + z. Suppose 4*s - d = -3*c, -2*s + 18 + 114 = 4*c. List the prime factors of c.
31
Suppose -c = 17 - 28. Suppose c*l + 1312 = 4*w + 12*l, 2*w - 650 = -2*l. List the prime factors of w.
7, 47
Let r be (-52)/26 + 1/(2/(-1640)). Let m = r + 1167. What are the prime factors of m?
3, 5, 23
Suppose 3*k - 1 = 8. Suppose -14*m + k*m = -4323. What are the prime factors of m?
3, 131
Let k(x) = x**3 + 6*x**2 + 6*x + 2. Let y be k(-4). What are the prime factors of -6 + y - 951/(-3)?
3, 107
Suppose 71*s = 75*s - 3*g - 142709, 0 = 17*s - 3*g - 606523. List the prime factors of s.
2, 17839
List the prime factors of (539/(-35))/(6/(-9960)).
2, 7, 11, 83
Let c be (8 + -9)/((-1)/19). Suppose 5*h - 164 = -19. Let l = h - c. What are the prime factors of l?
2, 5
Suppose 4*c - 2*y - 746 = 0, 26 = 2*c + 5*y - 353. Let n = -46 + c. What are the prime factors of n?
3, 47
Let m be (-7 - -3)/(2 - 0). What are the prime factors of 638 - m/((-56)/12 + 4)?
5, 127
Suppose 0 = -a - a + 12. List the prime factors of a/12*(2 - -4) + 281.
2, 71
Let d(w) = -w + 918. List the prime factors of d(-33).
3, 317
Let u(k) = 3*k. Let j be u(0). Suppose j*c + c = 3. Suppose -c*i - 87 = -2*q, -i = -q - 0*q + 43. What are the prime factors of q?
2, 3, 7
Suppose 28587 - 133444 = -13*a + 167714. List the prime factors of a.
3, 29, 241
Let y(c) = 4*c**2 + 7*c - 4. Let d be ((-3)